{"id":2,"date":"2023-02-04T07:23:21","date_gmt":"2023-02-04T07:23:21","guid":{"rendered":"https:\/\/www.ascvr.fr\/wordpress\/?page_id=2"},"modified":"2023-03-05T10:18:45","modified_gmt":"2023-03-05T10:18:45","slug":"sample-page","status":"publish","type":"page","link":"https:\/\/www.ascvr.fr\/","title":{"rendered":"Bienvenue !"},"content":{"rendered":"\n<p><strong>Le Tennis de Table&nbsp;: Une Pratique Ludique pour Tous&nbsp;!<\/strong><br><br>C\u2019est avec grand plaisir que l\u2019ASCVR vous accueille pour jouer toute l\u2019ann\u00e9e en loisir mais aussi en comp\u00e9tition. L&rsquo;ASCVR vous propose plusieurs formules d&rsquo;adh\u00e9sion selon votre \u00e2ge et votre attente :<\/p>\n\n\n\n<ul class=\"wp-block-list\">\n<li><strong>Loisir<\/strong><\/li>\n\n\n\n<li><strong>Comp\u00e9tition<\/strong><\/li>\n\n\n\n<li><strong>Apprentissage Jeunes et Adultes<\/strong><\/li>\n<\/ul>\n\n\n\n<hr class=\"wp-block-separator has-alpha-channel-opacity\"\/>\n\n\n\n<p>L&rsquo;ASCVR est situ\u00e9e sur deux sites g\u00e9ographiques :<\/p>\n\n\n\n<ul class=\"wp-block-list\">\n<li><strong>La Vieux Rue<\/strong><\/li>\n\n\n\n<li><strong>Morgny-La-Pommeraye<\/strong><\/li>\n<\/ul>\n\n\n\n<p><br><em>Si le hasard vous a amen\u00e9 jusqu&rsquo;\u00e0 nous, le plaisir de jouer ensemble vous fera revenir<\/em> <em>!<\/em><\/p>\n\n\n<div class=\"wp-block-image\">\n<figure class=\"aligncenter size-large is-resized\"><img loading=\"lazy\" decoding=\"async\" src=\"https:\/\/www.ascvr.fr\/wp-content\/uploads\/2023\/03\/ping-pong-1024x768.jpg\" alt=\"\" class=\"wp-image-381\" width=\"256\" height=\"192\" srcset=\"https:\/\/www.ascvr.fr\/wp-content\/uploads\/2023\/03\/ping-pong-1024x768.jpg 1024w, https:\/\/www.ascvr.fr\/wp-content\/uploads\/2023\/03\/ping-pong-300x225.jpg 300w, https:\/\/www.ascvr.fr\/wp-content\/uploads\/2023\/03\/ping-pong-768x576.jpg 768w, https:\/\/www.ascvr.fr\/wp-content\/uploads\/2023\/03\/ping-pong-360x270.jpg 360w, https:\/\/www.ascvr.fr\/wp-content\/uploads\/2023\/03\/ping-pong.jpg 1280w\" sizes=\"auto, (max-width: 256px) 100vw, 256px\" \/><\/figure>\n<\/div>\n\n\n<ul class=\"wp-block-social-links aligncenter is-layout-flex wp-block-social-links-is-layout-flex\"><li class=\"wp-social-link wp-social-link-youtube  wp-block-social-link\"><a href=\"https:\/\/www.youtube.com\/watch?v=lZ-2NbgZknk&#038;list=PLIotG82xaeWA08_WNhixkgATZjk1nwyz2\" class=\"wp-block-social-link-anchor\"><svg width=\"24\" height=\"24\" viewBox=\"0 0 24 24\" version=\"1.1\" xmlns=\"http:\/\/www.w3.org\/2000\/svg\" aria-hidden=\"true\" focusable=\"false\"><path d=\"M21.8,8.001c0,0-0.195-1.378-0.795-1.985c-0.76-0.797-1.613-0.801-2.004-0.847c-2.799-0.202-6.997-0.202-6.997-0.202 h-0.009c0,0-4.198,0-6.997,0.202C4.608,5.216,3.756,5.22,2.995,6.016C2.395,6.623,2.2,8.001,2.2,8.001S2,9.62,2,11.238v1.517 c0,1.618,0.2,3.237,0.2,3.237s0.195,1.378,0.795,1.985c0.761,0.797,1.76,0.771,2.205,0.855c1.6,0.153,6.8,0.201,6.8,0.201 s4.203-0.006,7.001-0.209c0.391-0.047,1.243-0.051,2.004-0.847c0.6-0.607,0.795-1.985,0.795-1.985s0.2-1.618,0.2-3.237v-1.517 C22,9.62,21.8,8.001,21.8,8.001z M9.935,14.594l-0.001-5.62l5.404,2.82L9.935,14.594z\"><\/path><\/svg><span class=\"wp-block-social-link-label screen-reader-text\">YouTube<\/span><\/a><\/li>\n\n<li class=\"wp-social-link wp-social-link-facebook  wp-block-social-link\"><a href=\"https:\/\/www.facebook.com\/groups\/468960534867690\" class=\"wp-block-social-link-anchor\"><svg width=\"24\" height=\"24\" viewBox=\"0 0 24 24\" version=\"1.1\" xmlns=\"http:\/\/www.w3.org\/2000\/svg\" aria-hidden=\"true\" focusable=\"false\"><path d=\"M12 2C6.5 2 2 6.5 2 12c0 5 3.7 9.1 8.4 9.9v-7H7.9V12h2.5V9.8c0-2.5 1.5-3.9 3.8-3.9 1.1 0 2.2.2 2.2.2v2.5h-1.3c-1.2 0-1.6.8-1.6 1.6V12h2.8l-.4 2.9h-2.3v7C18.3 21.1 22 17 22 12c0-5.5-4.5-10-10-10z\"><\/path><\/svg><span class=\"wp-block-social-link-label screen-reader-text\">Facebook<\/span><\/a><\/li>\n\n<li class=\"wp-social-link wp-social-link-twitter  wp-block-social-link\"><a href=\"https:\/\/twitter.com\/ascvrtt\" class=\"wp-block-social-link-anchor\"><svg width=\"24\" height=\"24\" viewBox=\"0 0 24 24\" version=\"1.1\" xmlns=\"http:\/\/www.w3.org\/2000\/svg\" aria-hidden=\"true\" focusable=\"false\"><path d=\"M22.23,5.924c-0.736,0.326-1.527,0.547-2.357,0.646c0.847-0.508,1.498-1.312,1.804-2.27 c-0.793,0.47-1.671,0.812-2.606,0.996C18.324,4.498,17.257,4,16.077,4c-2.266,0-4.103,1.837-4.103,4.103 c0,0.322,0.036,0.635,0.106,0.935C8.67,8.867,5.647,7.234,3.623,4.751C3.27,5.357,3.067,6.062,3.067,6.814 c0,1.424,0.724,2.679,1.825,3.415c-0.673-0.021-1.305-0.206-1.859-0.513c0,0.017,0,0.034,0,0.052c0,1.988,1.414,3.647,3.292,4.023 c-0.344,0.094-0.707,0.144-1.081,0.144c-0.264,0-0.521-0.026-0.772-0.074c0.522,1.63,2.038,2.816,3.833,2.85 c-1.404,1.1-3.174,1.756-5.096,1.756c-0.331,0-0.658-0.019-0.979-0.057c1.816,1.164,3.973,1.843,6.29,1.843 c7.547,0,11.675-6.252,11.675-11.675c0-0.178-0.004-0.355-0.012-0.531C20.985,7.47,21.68,6.747,22.23,5.924z\"><\/path><\/svg><span class=\"wp-block-social-link-label screen-reader-text\">Twitter<\/span><\/a><\/li><\/ul>\n","protected":false},"excerpt":{"rendered":"<p>Le Tennis de Table&nbsp;: Une Pratique Ludique pour Tous&nbsp;! C\u2019est avec grand plaisir que l\u2019ASCVR vous accueille pour jouer toute l\u2019ann\u00e9e en loisir mais aussi en comp\u00e9tition. L&rsquo;ASCVR vous propose plusieurs formules d&rsquo;adh\u00e9sion selon votre \u00e2ge et votre attente : L&rsquo;ASCVR est situ\u00e9e sur deux sites g\u00e9ographiques : Si le hasard vous a amen\u00e9 jusqu&rsquo;\u00e0 nous, le plaisir de jouer ensemble vous fera revenir !<\/p>\n","protected":false},"author":1,"featured_media":0,"parent":0,"menu_order":0,"comment_status":"closed","ping_status":"closed","template":"","meta":{"footnotes":""},"class_list":["post-2","page","type-page","status-publish","hentry"],"_links":{"self":[{"href":"https:\/\/www.ascvr.fr\/index.php?rest_route=\/wp\/v2\/pages\/2","targetHints":{"allow":["GET"]}}],"collection":[{"href":"https:\/\/www.ascvr.fr\/index.php?rest_route=\/wp\/v2\/pages"}],"about":[{"href":"https:\/\/www.ascvr.fr\/index.php?rest_route=\/wp\/v2\/types\/page"}],"author":[{"embeddable":true,"href":"https:\/\/www.ascvr.fr\/index.php?rest_route=\/wp\/v2\/users\/1"}],"replies":[{"embeddable":true,"href":"https:\/\/www.ascvr.fr\/index.php?rest_route=%2Fwp%2Fv2%2Fcomments&post=2"}],"version-history":[{"count":49,"href":"https:\/\/www.ascvr.fr\/index.php?rest_route=\/wp\/v2\/pages\/2\/revisions"}],"predecessor-version":[{"id":393,"href":"https:\/\/www.ascvr.fr\/index.php?rest_route=\/wp\/v2\/pages\/2\/revisions\/393"}],"wp:attachment":[{"href":"https:\/\/www.ascvr.fr\/index.php?rest_route=%2Fwp%2Fv2%2Fmedia&parent=2"}],"curies":[{"name":"wp","href":"https:\/\/api.w.org\/{rel}","templated":true}]}}